{"id":37,"date":"2016-03-07T10:41:38","date_gmt":"2016-03-07T10:41:38","guid":{"rendered":"http:\/\/provatim.sannionet.com\/?page_id=37"},"modified":"2016-05-13T14:47:49","modified_gmt":"2016-05-13T14:47:49","slug":"posate","status":"publish","type":"page","link":"https:\/\/tim-monouso.com\/?page_id=37","title":{"rendered":"POSATE"},"content":{"rendered":"<p>Robuste ma flessibili le posate <strong>TIM<\/strong> assicurano elevate prestazioni.<\/p>\n<p>Le posate <strong>TIM<\/strong> soddisfano i pi\u00f9 esigenti grazie alle peculiari caratteristiche di ergonomicit\u00e0, praticit\u00e0, \u00a0sicurezza e resistenza con un design innovativo.<\/p>\n<p>Tutte le stoviglie in plastica <strong>TIM<\/strong>\u00a0sono al 100% riciclabili.<\/p>\n<p style=\"text-align: center;\"><img loading=\"lazy\" class=\"alignnone size-full wp-image-118\" src=\"http:\/\/provatim.sannionet.com\/wp-content\/uploads\/2016\/03\/F-BIANCO-1.jpg\" alt=\"F BIANCO\" width=\"152\" height=\"200\" \/><\/p>\n<table width=\"417\">\n<tbody>\n<tr>\n<td width=\"140\"><strong>PRODOTTO<\/strong><\/td>\n<td width=\"49\"><strong>PESO<\/strong><\/td>\n<td width=\"53\"><strong>CONF. CART.<\/strong><\/td>\n<td width=\"53\"><strong>CART. PED.<\/strong><\/td>\n<td width=\"109\"><strong>COD. EAN<\/strong><\/td>\n<\/tr>\n<tr>\n<td>FORCHETTE CONF. 10 PZ<\/td>\n<td>GR. 2,6<\/td>\n<td>120<\/td>\n<td>64<\/td>\n<td>8019210411942<\/td>\n<\/tr>\n<tr>\n<td>FORCHETTE CONF. 20 PZ<\/td>\n<td>GR. 2,6<\/td>\n<td>60<\/td>\n<td>64<\/td>\n<td>8019210219456<\/td>\n<\/tr>\n<tr>\n<td>FORCHETTE CONF. 25 PZ<\/td>\n<td>GR. 2,6<\/td>\n<td>60<\/td>\n<td>136<\/td>\n<td>8019210261240<\/td>\n<\/tr>\n<tr>\n<td>FORCHETTE CONF. 100 PZ<\/td>\n<td>GR. 2,6<\/td>\n<td>12<\/td>\n<td>64<\/td>\n<td>8019210103953<\/td>\n<\/tr>\n<\/tbody>\n<\/table>\n<p style=\"text-align: center;\"><img loading=\"lazy\" class=\"alignnone size-full wp-image-120\" src=\"http:\/\/provatim.sannionet.com\/wp-content\/uploads\/2016\/03\/C-BIANCO.jpg\" alt=\"C BIANCO\" width=\"152\" height=\"200\" \/><\/p>\n<table width=\"417\">\n<tbody>\n<tr>\n<td width=\"143\"><strong>PRODOTTO<\/strong><\/td>\n<td width=\"49\"><strong>PESO<\/strong><\/td>\n<td width=\"51\"><strong>CONF. CART.<\/strong><\/td>\n<td width=\"51\"><strong>CART. PED.<\/strong><\/td>\n<td width=\"111\"><strong>COD. EAN<\/strong><\/td>\n<\/tr>\n<tr>\n<td>COLTELLI CONF. 10 PZ<\/td>\n<td>GR. 2,1<\/td>\n<td>180<\/td>\n<td>64<\/td>\n<td>8019210132991<\/td>\n<\/tr>\n<tr>\n<td>COLTELLI CONF. 20 PZ<\/td>\n<td>GR. 2,1<\/td>\n<td>90<\/td>\n<td>64<\/td>\n<td>8019210237733<\/td>\n<\/tr>\n<tr>\n<td>COLTELLI CONF. 25 PZ<\/td>\n<td>GR. 2,1<\/td>\n<td>60<\/td>\n<td>160<\/td>\n<td>8019210281248<\/td>\n<\/tr>\n<tr>\n<td>COLTELLI CONF. 100 PZ<\/td>\n<td>GR. 2,1<\/td>\n<td>18<\/td>\n<td>64<\/td>\n<td>8019210214390<\/td>\n<\/tr>\n<\/tbody>\n<\/table>\n<p style=\"text-align: center;\"><img loading=\"lazy\" class=\"alignnone size-full wp-image-122\" src=\"http:\/\/provatim.sannionet.com\/wp-content\/uploads\/2016\/03\/CUCC-BIANCO.jpg\" alt=\"CUCC BIANCO\" width=\"152\" height=\"200\" \/><\/p>\n<table width=\"417\">\n<tbody>\n<tr>\n<td width=\"142\"><strong>PRODOTTO<\/strong><\/td>\n<td width=\"49\"><strong>PESO<\/strong><\/td>\n<td width=\"51\"><strong>CONF. CART.<\/strong><\/td>\n<td width=\"51\"><strong>CART. PED.<\/strong><\/td>\n<td width=\"112\"><strong>COD. EAN<\/strong><\/td>\n<\/tr>\n<tr>\n<td>CUCCHIAI CONF. 10 PZ<\/td>\n<td>GR. 2,9<\/td>\n<td>100<\/td>\n<td>64<\/td>\n<td>8019210057911<\/td>\n<\/tr>\n<tr>\n<td>CUCCHIAI CONF. 20 PZ<\/td>\n<td>GR. 2,9<\/td>\n<td>50<\/td>\n<td>64<\/td>\n<td>8019210199024<\/td>\n<\/tr>\n<tr>\n<td>CUCCHIAI CONF. 25 PZ<\/td>\n<td>GR. 2,9<\/td>\n<td>60<\/td>\n<td>104<\/td>\n<td>8019210271249<\/td>\n<\/tr>\n<tr>\n<td>CUCCHIAI CONF. 100 PZ<\/td>\n<td>GR. 2,9<\/td>\n<td>10<\/td>\n<td>64<\/td>\n<td>8019210113389<\/td>\n<\/tr>\n<\/tbody>\n<\/table>\n<p style=\"text-align: center;\"><img loading=\"lazy\" class=\"alignnone wp-image-274 size-full\" src=\"http:\/\/provatim.sannionet.com\/wp-content\/uploads\/2016\/03\/BIS-E-TRIS-1.jpg\" width=\"152\" height=\"200\" \/><\/p>\n<table width=\"417\">\n<tbody>\n<tr>\n<td width=\"195\"><strong>PRODOTTO<\/strong><\/td>\n<td width=\"44\"><strong>PESO<\/strong><\/td>\n<td width=\"51\"><strong>CONF. CART.<\/strong><\/td>\n<td width=\"51\"><strong>CART. PED.<\/strong><\/td>\n<td width=\"63\"><strong>COD. EAN<\/strong><\/td>\n<\/tr>\n<tr>\n<td>POSATE BIS CON TOVAGLIOLO<\/td>\n<td><\/td>\n<td>500<\/td>\n<td>28<\/td>\n<td><\/td>\n<\/tr>\n<tr>\n<td>POSATE TRIS CON TOVAGLIOLO<\/td>\n<td><\/td>\n<td>500<\/td>\n<td>28<\/td>\n<td><\/td>\n<\/tr>\n<\/tbody>\n<\/table>\n<p>&nbsp;<\/p>\n<p>&nbsp;<\/p>\n<p>&nbsp;<\/p>\n<p>&nbsp;<\/p>\n<p style=\"text-align: center;\">\n","protected":false},"excerpt":{"rendered":"<p>Robuste ma flessibili le posate TIM assicurano elevate prestazioni. Le posate TIM soddisfano i pi\u00f9 esigenti grazie alle peculiari caratteristiche di ergonomicit\u00e0, praticit\u00e0, \u00a0sicurezza e resistenza con un design innovativo. Tutte le stoviglie in plastica TIM\u00a0sono al 100% riciclabili. PRODOTTO PESO CONF. CART. CART. PED. COD. EAN FORCHETTE CONF. 10 PZ GR. 2,6 120 64<a href=\"https:\/\/tim-monouso.com\/?page_id=37\">[&#8230;]<\/a><\/p>\n","protected":false},"author":1,"featured_media":0,"parent":25,"menu_order":0,"comment_status":"closed","ping_status":"closed","template":"","meta":[],"_links":{"self":[{"href":"https:\/\/tim-monouso.com\/index.php?rest_route=\/wp\/v2\/pages\/37"}],"collection":[{"href":"https:\/\/tim-monouso.com\/index.php?rest_route=\/wp\/v2\/pages"}],"about":[{"href":"https:\/\/tim-monouso.com\/index.php?rest_route=\/wp\/v2\/types\/page"}],"author":[{"embeddable":true,"href":"https:\/\/tim-monouso.com\/index.php?rest_route=\/wp\/v2\/users\/1"}],"replies":[{"embeddable":true,"href":"https:\/\/tim-monouso.com\/index.php?rest_route=%2Fwp%2Fv2%2Fcomments&post=37"}],"version-history":[{"count":30,"href":"https:\/\/tim-monouso.com\/index.php?rest_route=\/wp\/v2\/pages\/37\/revisions"}],"predecessor-version":[{"id":333,"href":"https:\/\/tim-monouso.com\/index.php?rest_route=\/wp\/v2\/pages\/37\/revisions\/333"}],"up":[{"embeddable":true,"href":"https:\/\/tim-monouso.com\/index.php?rest_route=\/wp\/v2\/pages\/25"}],"wp:attachment":[{"href":"https:\/\/tim-monouso.com\/index.php?rest_route=%2Fwp%2Fv2%2Fmedia&parent=37"}],"curies":[{"name":"wp","href":"https:\/\/api.w.org\/{rel}","templated":true}]}}